3 + 11 = 4*w. Suppose w*q = 4*h, 5*q - h = -4*h + 13. Suppose -n + q*n - 65 = 0. What is the units digit of n?
5
Let y(q) be the second derivative of -q**5/20 - 2*q**4/3 - 3*q**3/2 + 2*q**2 + q. Suppose 5*m + 17 + 18 = 0. What is the tens digit of y(m)?
1
Suppose -2*c + 12*c = 100. Suppose -x = -7 - c. What is the units digit of x?
7
Let c = -18 + 21. Let w(g) = 4 + c + 18*g - 5 + 0. What is the tens digit of w(2)?
3
Let y be 1*(3 + -89 + 3). Let j = y + 143. What is the tens digit of j?
6
Let y = -4 - 25. What is the units digit of (-3)/(12/(-4)) - y?
0
Let c(p) = 110*p - 26. Let s be c(7). Suppose 0 = -3*j - 5*j + s. What is the tens digit of j?
9
Let l(f) = 8*f**3 - f**2 + 1. Let s(r) = 16 + 3*r**2 + 3*r**2 - 2*r**2 - 3*r**2 - 9*r. Let j be s(7). What is the tens digit of l(j)?
6
Suppose -6*q + 14 = -4*q. Let i be (-4)/((-24)/(-3))*-4 - 2. Suppose i = -3*a + q*a - 144. What is the tens digit of a?
3
Let p(c) = 2*c**2 - 2*c + 1. Let o(z) = 11*z**2 + 22. Let i(u) = -o(u) + 5*p(u). Suppose -5*a = 24 + 11. What is the units digit of i(a)?
4
Let w be (-8)/(-1)*21/6. Let k be (2 - w/16)*12. Suppose -5*f = g - 58, 44 = 5*g - k*f - 106. What is the units digit of g?
3
Let t(g) = -16*g**3 + 2*g**2 - g - 2. Let d = -8 - -10. Let l be t(d). Let p = -78 - l. What is the units digit of p?
6
Let q(x) = -x**2 - 29*x + 16. What is the units digit of q(-13)?
4
Let w(o) = -o**2 - 4*o - 1. Let a be w(-2). Suppose 0 = -a*i + 3, 2*h - 3*h + 78 = 4*i. What is the tens digit of h?
7
Let q(j) = -267*j + 1008. What is the thousands digit of q(-15)?
5
Suppose -3*z + 4*j + 2326 = 0, z + 4*j - 196 = 606. What is the hundreds digit of z?
7
Let l = -56 + 61. Let v = l + 73. What is the tens digit of v?
7
Let r be -11 + -2*2/(-4). Let g = 44 - 42. Let d = g - r. What is the tens digit of d?
1
Let z(c) = 61*c**2 + 3*c + 9. What is the hundreds digit of z(-2)?
2
Let d(a) be the first derivative of -a**4/4 - 10*a**3/3 + 11*a**2/2 + 3*a + 7. What is the units digit of d(-11)?
3
Suppose -4*v + 0*v - 5*d + 4356 = 0, -2*v - 5*d + 2178 = 0. What is the units digit of v?
9
Let d(h) = 10*h**3 + 3*h**2. Let x be d(-2). Let a be -155*(x/20 - -3). Suppose 54 = s + 5*m + 3, 2*m - a = -2*s. What is the units digit of s?
6
Let l be -2*3*(-6)/(-9). Let w be l/6 - (-4)/6. Suppose w = 5*x + 2*i - 44, 0*i - 42 = -5*x - i. What is the units digit of x?
8
Let z(j) = 30*j + 321. What is the units digit of z(28)?
1
Let f be (151/(-2))/((-15)/30). Suppose -6*w = p - 3*w - 93, -2*p + w = -f. What is the tens digit of p?
7
Let h be 5 + 4/6*-3. Suppose -4*q = 5*u - 5*q + 13, -h*u - 2*q - 13 = 0. What is the units digit of (u*10 + 1)/(-1)?
9
Suppose -3*d - 3*w = -8*d + 165, 0 = -3*d - 5*w + 133. What is the units digit of 232 - ((-33)/(-27) + (-8)/d)?
1
Suppose -2*n + 3952 = 6*n. What is the hundreds digit of n?
4
Suppose 2 + 0 = -4*t + 2*a, 2*a - 2 = -3*t. What is the units digit of (-800)/12*(t - 3)?
0
Let b(t) = -5*t + 54. Let r(a) = 10*a - 108. Let l(h) = 5*b(h) + 3*r(h). What is the units digit of l(20)?
6
Suppose 61*o = 20960 - 159. What is the units digit of o?
1
Let s be (7/7)/((-1)/(-2)). Let u(c) = -2 - 1 + 1 - s*c. What is the units digit of u(-2)?
2
Let g = -15 - -21. Suppose -1344 = -6*o - g*o. What is the tens digit of o?
1
Let j(p) = -6*p + 63. What is the tens digit of j(-14)?
4
Let r(c) = -2*c**3 + c**2 + 5*c. Let o be r(3). Let i = o + 97. What is the units digit of i?
7
Let q(w) = w**2 - 6*w - 2. Suppose -5*a + 5*k = 110, -k + 44 = -2*a + 2*k. Let z = 32 + a. What is the units digit of q(z)?
8
Let s(j) = j**2 + 7*j - 1. Let q be (3/(-6) - 0)*6. Let x(v) = -v**2 - v - 3. Let p be x(q). What is the units digit of s(p)?
7
Let j(f) = f**2 - 1. Let o(w) = 4*w + 13. Let q(k) = j(k) - o(k). What is the units digit of q(-9)?
3
Let i be (2 + 1)/((-6)/(-4)). Suppose i*s - 6 = 2*n, 7*s - 2*s + 5*n = 35. What is the units digit of 72/s + (-3)/(-5)?
5
Suppose 0 = 5*b - 2 + 7. Let y(a) = -30*a + 5. What is the tens digit of y(b)?
3
Let a(f) = f - 2*f + 0*f + 48 + 2*f. What is the tens digit of a(0)?
4
Suppose 10*w = 10030 - 3980. What is the units digit of w?
5
Let z = 13 - 4. Suppose 0 = f + z - 33. What is the units digit of f?
4
Suppose p + 5*b + 0*b = 197, 5*b = p - 187. What is the hundreds digit of p?
1
What is the units digit of (-579)/7*-5 + 32/(-56)?
3
Suppose r - 101 = -2*c, -4*r + 2*c = -0*r - 374. Let h = 113 - r. What is the tens digit of h?
1
Suppose 4 = 5*u + 5*h - 6, -3*u + 10 = -h. Suppose 0 = 2*y - u - 7. What is the units digit of 2/(0 + 2/y)?
5
Let g = -14 + 14. Suppose 3*y = 5*p + 8*y - 295, -p - 3*y + 63 = g. What is the tens digit of p?
5
Suppose 4*a - 2*a = h + 4, 5*a = 2*h + 11. Let r = 5 + a. Suppose 111 = -r*o + 11*o. What is the units digit of o?
7
What is the hundreds digit of 5798/8 + (-2 - 5/(-4))?
7
Suppose 6 = 3*s - 7*o + 4*o, 5 = 5*s - 4*o. Let z be s/3*(-2 + -1). Suppose 12 = z*v - 0. What is the units digit of v?
4
Let f = -28 + 43. Let a be 3/f - (-42)/15. Suppose -a*g - 3*i = -i - 69, -i = -g + 28. What is the tens digit of g?
2
Let g be ((-332)/(-6) + -4)*18. Suppose 0 = -0*u - 6*u + g. Suppose -42 - 24 = -2*m - 3*k, 5*k = 4*m - u. What is the tens digit of m?
3
Let o(p) = -9*p**3 - 3*p**2 + 4*p - 1. Let w(t) = -4*t**3 - 2*t**2 + 2*t. Let f(v) = -4*o(v) + 7*w(v). What is the tens digit of f(3)?
9
Let w(s) = s - 34 - s + 8*s + 2*s. What is the units digit of w(23)?
6
Let j = 25 + -48. Let x = j + 53. What is the tens digit of x?
3
What is the hundreds digit of (-1 - 2)*(-5 - 217)?
6
Suppose 10*w = 6*w + 24. Suppose -w*z + 5*z = 0. Suppose 15 = 3*c, -n + 2*c - 11 + 5 = z. What is the units digit of n?
4
Suppose 0 = -8*d - 22*d. Let x be (-1)/(-1) - (-22 + -1). Let w = d + x. What is the units digit of w?
4
What is the units digit of (-4 - 84/(-24))/((-3)/19830)?
5
Suppose 3*v = 2*b + b, 4*v = -2*b + 12. Suppose -3*f + 14 = -d - d, -v*d = f - 10. What is the units digit of 2/(-3)*-3*f?
2
Let j be (-2)/(1 + -3) - -1. Suppose j*w - 16 = -2*w. Suppose 2*u = -n + 68, w*n - 15 = -u + 12. What is the tens digit of u?
3
Suppose 0 = 5*t - 2*q + 188, -5*t - 49 - 140 = -q. Let u be -4 + 2 + -1 + t. Let k = 46 + u. What is the units digit of k?
5
Let g = -351 - -492. What is the hundreds digit of g?
1
Let u = 6 + -3. Suppose u*z = -3*x + 24, 2*x - 3 = 2*z + 1. Suppose x*s = 1 + 89. What is the units digit of s?
8
Let i(f) = -f**2 + 4*f - 5. Let u be i(3). What is the units digit of -6 + (-11)/u + 437/2?
8
Suppose 0 = -4*d + 8 + 24. Suppose -4*z = 3*n - 95, -3*z - z + d = 0. What is the tens digit of n?
2
Let f be 1 - (-8 - 4/(-1)). Let a(z) = 2*z**3 - 8*z**2 + 5*z - 10. What is the units digit of a(f)?
5
What is the tens digit of 792/16*132/9?
2
Let p be -4*(4 - (-19)/(-12)*3). Suppose -p*g = -23 - 4. What is the units digit of g?
9
Suppose 368 = -10*f + 2*f. What is the units digit of (f - -3)*-1*4?
2
Suppose 0 = -2*r - 2*s + 1836, 2*r - 4*s - 1304 = 550. What is the tens digit of r?
2
Suppose 0 = 12*j - 13*j + 2*c + 455, 2331 = 5*j + 4*c. What is the hundreds digit of j?
4
Let a = 16 - 18. Let h be -2 + (-3 - -40 - a). What is the units digit of h + 1*(-2 - 0)?
5
Let k(d) = 138*d - 14. Let n be k(6). What is the units digit of n/18 - 4/18?
5
Let u(l) = 97*l**2 + l + 9. Let o(y) = -49*y**2 - y - 5. Let n(k) = 5*o(k) + 3*u(k). Let v = 231 + -230. What is the tens digit of n(v)?
4
Suppose 4*v = 3*r + 136, -5*r = 3*v - 0*v + 217. Let i = 86 + r. Suppose -i - 9 = -3*x. What is the units digit of x?
7
Suppose 4*p + 3*u = 489, -2*p = -0*u + 3*u - 243. What is the tens digit of 2 + 1 + (p - -8)?
3
Suppose -371*x = -366*x - 1960. What is the units digit of x?
2
Let n(l) = l + 13. Suppose -4*v = -v. Let i be n(v). Suppose -5*s = i - 173. What is the units digit of s?
2
Let a be (-1)/(-1) - -1 - (18 + -21). Suppose -a*y + 259 = -2*o, -5*y - o + 215 = -y. What is the units digit of y?
3
Suppose 2*z + 91 = 5*p, 2*p - 5*z = -3*z + 34. What is the units digit of p?
9
Let f = -121 + 175. What is the units digit of f?
4
Suppose -1449*l + 4039 = -1442*l. What is the units digit of l?
7
Let u(y) be the third derivative of y**4/4 - 5*y**3/6 - 3*y**2. Let q(a) = 11*a - 11. Let g(z) = 3*q(z) - 5*u(z). What is the tens digit of g(8)?
1
Let m be 2/(-5) + 351/15. Let u = -1 - -14. Suppos